the greatest common factor of 132 and 1226532?
12
What is the highest common factor of 377785053 and 81?
81
What is the greatest common factor of 194329261 and 119?
119
Calculate the highest common factor of 396160045 and 5.
5
Calculate the greatest common divisor of 1288523 and 54811.
929
Calculate the greatest common factor of 130641282 and 9.
9
Calculate the highest common factor of 19 and 4222294.
19
Calculate the highest common divisor of 145806 and 12564896.
2558
What is the greatest common divisor of 277017 and 43017?
39
Calculate the greatest common factor of 5620 and 3046.
2
Calculate the highest common factor of 27333 and 35043943.
3037
Calculate the greatest common factor of 3526329 and 397551.
5163
What is the greatest common factor of 1734 and 1572534?
102
What is the greatest common factor of 21228 and 8726477?
1769
What is the highest common factor of 57264 and 258?
6
What is the highest common divisor of 351090 and 10101240?
4230
Calculate the greatest common divisor of 55240 and 21000.
40
What is the highest common divisor of 296852 and 28?
4
Calculate the greatest common divisor of 1536 and 8753792.
128
Calculate the greatest common factor of 80 and 835564.
4
Calculate the highest common factor of 30172761 and 615.
123
Calculate the highest common factor of 365 and 440263.
73
Calculate the highest common factor of 3 and 13606290.
3
Calculate the highest common divisor of 4558 and 82560.
86
Calculate the highest common factor of 2990 and 58143540.
2990
Calculate the greatest common factor of 5185527 and 816.
51
Calculate the greatest common factor of 455 and 1057.
7
What is the highest common factor of 189000 and 43356?
12
What is the highest common factor of 9322 and 239309723?
4661
Calculate the highest common divisor of 107451 and 90.
9
What is the greatest common divisor of 11505 and 18930?
15
What is the greatest common factor of 33603 and 1069569?
69
Calculate the highest common factor of 155082070 and 13.
13
Calculate the greatest common factor of 5729 and 192151.
17
Calculate the greatest common factor of 8533 and 175789.
23
What is the highest common divisor of 575158 and 34?
2
What is the greatest common divisor of 858 and 222326?
26
What is the greatest common factor of 3115 and 177205?
35
Calculate the highest common factor of 143350 and 11026482.
5734
Calculate the highest common divisor of 50160 and 48015.
165
What is the greatest common divisor of 50327752 and 1496?
136
Calculate the greatest common divisor of 4271515 and 130.
5
What is the highest common factor of 2628 and 126864?
36
Calculate the greatest common factor of 78659 and 42959.
119
Calculate the greatest common factor of 75709578 and 12.
6
What is the highest common divisor of 185648 and 80032?
656
What is the greatest common factor of 22001037 and 474459?
5331
What is the highest common factor of 2549980 and 38940?
1180
Calculate the highest common divisor of 104 and 8271056.
8
What is the greatest common factor of 116806253 and 177?
59
Calculate the highest common divisor of 32024 and 355896.
8
What is the highest common factor of 9699072 and 241152?
768
What is the greatest common divisor of 37703004 and 14460?
2892
Calculate the greatest common factor of 563695 and 45991.
407
What is the highest common divisor of 877 and 349461698?
877
What is the highest common divisor of 6524004 and 2889?
321
What is the highest common factor of 61395 and 52485?
15
Calculate the greatest common divisor of 496072 and 8201.
59
Calculate the greatest common factor of 3453884 and 126.
14
What is the greatest common factor of 549354830 and 1530?
170
What is the highest common factor of 1452117 and 13137?
87
What is the greatest common divisor of 29427 and 5379371?
577
Calculate the highest common divisor of 1358 and 327166.
14
What is the greatest common divisor of 972480 and 950?
10
What is the greatest common factor of 31770 and 1351050?
30
What is the highest common factor of 16 and 2313576?
8
What is the highest common factor of 2687579 and 824?
103
Calculate the highest common factor of 5726 and 683172.
14
Calculate the greatest common divisor of 5454 and 4722255.
909
Calculate the highest common factor of 16798498 and 2.
2
What is the greatest common factor of 19768 and 20664?
56
Calculate the greatest common factor of 2997 and 66637.
37
Calculate the greatest common factor of 48511829 and 1156.
289
Calculate the highest common divisor of 9463729 and 76.
19
What is the greatest common factor of 3052416 and 39936?
384
What is the greatest common factor of 342 and 12555846?
342
Calculate the highest common divisor of 3213 and 216648.
459
What is the highest common factor of 135857 and 391743?
1319
What is the highest common factor of 1815295328 and 56?
56
What is the highest common factor of 64366 and 1346?
2
What is the highest common factor of 4396 and 23714222?
2198
What is the highest common factor of 38418 and 3174203?
337
Calculate the highest common divisor of 53389899 and 10926.
5463
What is the greatest common divisor of 20449886 and 89?
89
Calculate the highest common factor of 694756 and 65144.
68
Calculate the greatest common divisor of 345677800 and 30.
10
What is the greatest common divisor of 26 and 972145382?
26
Calculate the highest common factor of 136879774 and 4.
2
Calculate the highest common factor of 969 and 325716753.
969
Calculate the greatest common factor of 31438 and 322058.
22
What is the greatest common factor of 39172 and 26194?
14
Calculate the greatest common factor of 81112490 and 365.
365
Calculate the greatest common divisor of 19607 and 158192077.
2801
What is the highest common divisor of 1264 and 632288?
16
Calculate the greatest common divisor of 3580212 and 949.
73
What is the greatest common factor of 19776 and 252372?
12
Calculate the greatest common factor of 948198754 and 5354.
5354
Calculate the greatest common factor of 1128 and 1866088.
376
Calculate the greatest common divisor of 1792 and 458922240.
1792
Calculate the greatest common divisor of 11051205 and 11.
11
Calculate the greatest common factor of 15825680 and 5356.
52
What is the highest common factor of 1306 and 167821?
653
Calculate the greatest common factor of 27372 and 564.
12
What is the highest common factor of 420 and 1593030?
30
What is the greatest common divisor of 160750317 and 323?
323
Calculate the greatest common divisor of 1736 and 4906.
2
Calculate the highest common factor of 32375975 and 3115.
445
What is the highest common factor of 144849 and 11024?
53
Calculate the greatest common divisor of 44300623 and 1394.
697
What is the greatest common factor of 96 and 1303842?
6
Calculate the highest common factor of 8550 and 6363990.
90
What is the highest common factor of 125961 and 3156648?
363
What is the greatest common factor of 2235 and 1619481?
447
Calculate the greatest common factor of 2654 and 377284678.
2654
Calculate the highest common factor of 3264681 and 1722.
21
Calculate the highest common factor of 64150 and 82112.
2566
What is the highest common divisor of 1095390 and 1350?
270
What is the highest common factor of 3278 and 14770817?
149
What is the highest common divisor of 3984 and 83609220?
996
What is the highest common divisor of 26320 and 987?
329
What is the highest common factor of 1243295 and 2720?
85
What is the highest common divisor of 92342 and 248?
2
What is the greatest common factor of 107414 and 8514?
86
Calculate the highest common divisor of 98 and 6135598.
14
Calculate the highest common factor of 1026 and 14150896.
38
What is the greatest common divisor of 102 and 13009437?
51
What is the highest common divisor of 8718593 and 3638882?
10517
What is the greatest common factor of 228889 and 5934?
43
Calculate the highest common factor of 7744 and 84791960.
968
Calculate the greatest common factor of 434 and 227709694.
62
Calculate the highest common divisor of 11560719 and 6.
3
Calculate the greatest common divisor of 1090 and 93605821.
109
Calculate the greatest common factor of 908676 and 29756.
172
Calculate the highest common divisor of 154 and 4535322.
22
Calculate the highest common divisor of 279473 and 464.
29
What is the highest common factor of 34 and 892771541?
17
What is the greatest common